{"id":698,"date":"2024-09-20T12:31:10","date_gmt":"2024-09-20T10:31:10","guid":{"rendered":"https:\/\/bellezaconalma11.com\/?post_type=product&#038;p=698"},"modified":"2025-10-14T15:56:54","modified_gmt":"2025-10-14T13:56:54","slug":"programa-sabiduria-celta-de-empoderamiento-solo-audios","status":"publish","type":"product","link":"https:\/\/bellezaconalma11.com\/index.php\/producto\/programa-sabiduria-celta-de-empoderamiento-solo-audios\/","title":{"rendered":"Programa Sabidur\u00eda Celta de Empoderamiento Paquete Sencillo"},"content":{"rendered":"<p>\u00bfQuieres empoderarte y afrontar los cambios y desaf\u00edos de la vida con mas seguridad? \u00bfQuieres liberarte de miedos? Entonces este programa es para ti. En el Programa de Sabidur\u00eda Celta de Empoderamiento vas a conectar y activar tu arquetipo Guerrero Celta, que puede ser el arquetipo de la Valkiria, la Amazona, la Vikinga o Vikingo o Pr\u00edncipe Guerrero o Princesa Guerrera. Estos Arquetipos son Gu\u00edas Espirituales Guerreros que tienen una energ\u00eda muy poderosa, activaran fuerza y empoderamiento en ti. Trabajaran tu energ\u00eda, para ayudarte en esa situaci\u00f3n que necesitas fuerza. \u00a0Este programa va a sellar tu amor propio, fortalecer tus emociones, es un programa muy potente donde te ayudar\u00e1 el Mago Merl\u00edn y la energ\u00eda Celta. Vas a encontrar la Sabidur\u00eda Celta dentro de ti para que tu vida sea de otro nivel.<\/p>\n<p>Este paquete Sencillo contiene<\/p>\n<p>Audio explicativos paso a paso<\/p>\n<p>6 Meditaciones programadas de Sabidur\u00eda Celta<\/p>\n<p>Manual PDF donde se explica paso a paso como realizar el programa, como conectar con la energ\u00eda Celta<\/p>\n<p>Herramientas de Sabidur\u00eda Celta<\/p>\n","protected":false},"excerpt":{"rendered":"<p>En este programa vas conectar con tu Guerrero Celta para Empoderarte, vas a trabajar con la energ\u00eda Celta para fortalecerte, y aumentar seguridad y poder de decisi\u00f3n. Gracias por tu compra del Programa Sabidur\u00eda Celta de Empoderamiento Paquete Sencillo. Env\u00edame el comprobante de pago con tu nombre y apellidos por WhatsApp al numero +34 681 137 052 \u00a0recuerda que este Paquete es el Sencillo y no incluye sesiones con Carta Astral ni Sinastria de Pareja Celta, si deseas que contenga estas sesiones adquiere entonces el Paquete Medio o el S\u00faper Completo que tienes en esta pagina. Tambi\u00e9n puedes a\u00f1adir la diferencia del paquete si ya abonaste este inform\u00e1ndome que quieres cambiarlo!<\/p>\n","protected":false},"featured_media":612,"comment_status":"open","ping_status":"closed","template":"","meta":[],"product_cat":[18],"product_tag":[],"jetpack_sharing_enabled":true,"acf":[],"_links":{"self":[{"href":"https:\/\/bellezaconalma11.com\/index.php\/wp-json\/wp\/v2\/product\/698"}],"collection":[{"href":"https:\/\/bellezaconalma11.com\/index.php\/wp-json\/wp\/v2\/product"}],"about":[{"href":"https:\/\/bellezaconalma11.com\/index.php\/wp-json\/wp\/v2\/types\/product"}],"replies":[{"embeddable":true,"href":"https:\/\/bellezaconalma11.com\/index.php\/wp-json\/wp\/v2\/comments?post=698"}],"wp:featuredmedia":[{"embeddable":true,"href":"https:\/\/bellezaconalma11.com\/index.php\/wp-json\/wp\/v2\/media\/612"}],"wp:attachment":[{"href":"https:\/\/bellezaconalma11.com\/index.php\/wp-json\/wp\/v2\/media?parent=698"}],"wp:term":[{"taxonomy":"product_cat","embeddable":true,"href":"https:\/\/bellezaconalma11.com\/index.php\/wp-json\/wp\/v2\/product_cat?post=698"},{"taxonomy":"product_tag","embeddable":true,"href":"https:\/\/bellezaconalma11.com\/index.php\/wp-json\/wp\/v2\/product_tag?post=698"}],"curies":[{"name":"wp","href":"https:\/\/api.w.org\/{rel}","templated":true}]}}