{"id":689,"date":"2024-09-20T12:14:01","date_gmt":"2024-09-20T10:14:01","guid":{"rendered":"https:\/\/bellezaconalma11.com\/?post_type=product&#038;p=689"},"modified":"2026-01-28T12:45:23","modified_gmt":"2026-01-28T11:45:23","slug":"programa-sanacion-karmika-paquete-medio","status":"publish","type":"product","link":"https:\/\/bellezaconalma11.com\/index.php\/producto\/programa-sanacion-karmika-paquete-medio\/","title":{"rendered":"Programa Profundo de Limpieza Karmika"},"content":{"rendered":"<p>\u00bfSientes bloqueos constantes en tu vida?\u00bfSientes que repites patrones?\u00bfSientes energ\u00edas negativas?\u00bfTe gustar\u00eda transmutar tu karma? Entonces este programa es para ti. El programa de Sanaci\u00f3n Karmika es un programa donde vas a sanar tu karma tanto de esta vida como de otras vidas, de una forma incre\u00edble, vas a sentir una liberaci\u00f3n para poder avanzar en tu vida. Si sientes que todo se te estanca que la suerte no esta de tu lado, con este programa dejaras atras todo lo negativo que no deja ser tu mejor versi\u00f3n. Todos los seres humanos tienen un aprendizaje karmiko, saber este aprendizaje y activarlo signfica avance, exito y abundancia, en este programa conoceras tu aprendizaje karmiko, lo activaras y transmutaras karma.<\/p>\n<p>Este paquete Medio contiene;<\/p>\n<p>6 Meditaciones programadas de Sanacion Karmika<\/p>\n<p>1 Audio Especial Explicativo Paso a Paso<\/p>\n<p>1 Afirmaci\u00f3n Potente<\/p>\n<p>2 Sesiones de Coaching y Astrolog\u00eda Karmika<\/p>\n<p>Manual PDF donde se explica paso a paso como realizar el programa, que es el karma y como transmutarlo<\/p>\n<p>Herramientas de Sanacion Karmika<\/p>\n<p>Seguimiento<\/p>\n","protected":false},"excerpt":{"rendered":"<p>En este programa de Sanaci\u00f3n Karmika Paquete Medio vas sanar v\u00ednculos karmikos, lazos karmikos negativos, energ\u00edas negativas de esta u otras vidas. En este programa vas a encontrarte con tu Karma, con tus lecciones karmikas de vida, para deshacerte de la escasez, de la negatividad y de los patrones t\u00f3xicos que puede que est\u00e9n en bucle en tu vida. Gracias por tu compra del Programa Sanacion Karmika Paquete Medio. Env\u00edame el comprobante de pago con tu nombre y apellidos por WhatsApp al numero +34 681 137 052\u00a0 para agendar tu Sesiones de Cochin Karmiko, \u00a0Sinastria de Pareja Karmika y Carta Astral Karmika: Escr\u00edbeme por mensaje la Fecha Completa de Nacimiento tuya, y si preguntas por alguien, y el Pa\u00eds y ciudad de nacimiento de ambos. Hora de nacimiento (Si la sabes, si no no pasa nada). Con esta Informaci\u00f3n realizare el Estudio de las Sesiones Karmikas para que puedas sanar tu alma y liberarte de lazos Karmikos negativos. Te espero en este camino hacia la Sanacion con tu Karma!<\/p>\n","protected":false},"featured_media":365,"comment_status":"open","ping_status":"closed","template":"","meta":[],"product_cat":[18],"product_tag":[],"jetpack_sharing_enabled":true,"acf":[],"_links":{"self":[{"href":"https:\/\/bellezaconalma11.com\/index.php\/wp-json\/wp\/v2\/product\/689"}],"collection":[{"href":"https:\/\/bellezaconalma11.com\/index.php\/wp-json\/wp\/v2\/product"}],"about":[{"href":"https:\/\/bellezaconalma11.com\/index.php\/wp-json\/wp\/v2\/types\/product"}],"replies":[{"embeddable":true,"href":"https:\/\/bellezaconalma11.com\/index.php\/wp-json\/wp\/v2\/comments?post=689"}],"wp:featuredmedia":[{"embeddable":true,"href":"https:\/\/bellezaconalma11.com\/index.php\/wp-json\/wp\/v2\/media\/365"}],"wp:attachment":[{"href":"https:\/\/bellezaconalma11.com\/index.php\/wp-json\/wp\/v2\/media?parent=689"}],"wp:term":[{"taxonomy":"product_cat","embeddable":true,"href":"https:\/\/bellezaconalma11.com\/index.php\/wp-json\/wp\/v2\/product_cat?post=689"},{"taxonomy":"product_tag","embeddable":true,"href":"https:\/\/bellezaconalma11.com\/index.php\/wp-json\/wp\/v2\/product_tag?post=689"}],"curies":[{"name":"wp","href":"https:\/\/api.w.org\/{rel}","templated":true}]}}