{"id":415,"date":"2024-06-10T18:33:16","date_gmt":"2024-06-10T16:33:16","guid":{"rendered":"https:\/\/bellezaconalma11.com\/?post_type=product&#038;p=415"},"modified":"2026-03-05T20:19:13","modified_gmt":"2026-03-05T19:19:13","slug":"lectura-carta-astral-y-tarot-45-minutos","status":"publish","type":"product","link":"https:\/\/bellezaconalma11.com\/index.php\/producto\/lectura-carta-astral-y-tarot-45-minutos\/","title":{"rendered":"Lectura Carta Astral y Tarot Completa 45 minutos"},"content":{"rendered":"<p>En esta lectura combino el Tarot con la Astrol\u00f3gia y resolver\u00e9 dudas mas profundas que en la Lectura Sencilla, acerca de una persona en concreto, ya que es una lectura de 45 minutos para situaciones que te preocupen de una persona que te est\u00e1n preocupando. La Carta Astral a diferencia de la Sinastria de Pareja que es mas en conjunto, resuelve dudas a un nivel mas individual, es decir mas concreto de una persona. En esta lectura combino tambi\u00e9n mi canalizacion, videncia ademas de una programa especial astrologico. La Lectura Carta Astral se centra en bloqueos de una persona, pensamientos, sentimientos, intenciones etc. Recuerda que si tienes un bloqueo mas grande, o dudas muy profundas y concretas es mejor otro tipo de lecturas con mas tiempo, o incluso mas especiales como la la Lectura Karmika, Almica o Cu\u00e1ntica Rom\u00e1ntica, ya que estas lecturas combinan Carta Astral y Sinastria de Pareja y otras herramientas que abren caminos. Si sientes que hay algo mas fuerte y negativo que estanca tu vida, entonces tienes mis Programas Sanadores como el Karmiko, Almico y muchos mas para sanarte y alzanar el siguiente nivel, tienes toda la infomaci\u00f3n en esta pagina web.<\/p>\n<p>&nbsp;<\/p>\n","protected":false},"excerpt":{"rendered":"<p>En esta Lectura de Carta Astral tendr\u00e1s datos muy espec\u00edficos acerca de una persona o situaci\u00f3n, ya que la Astrolog\u00eda y el Tarot en combinaci\u00f3n son muy potentes!! Gracias por tu compra de Lectura Carta Astral y Tarot Completa 45 minutos! Env\u00edame el comprobante de pago con tu nombre y apellidos por WhatsApp al numero +34 681 137 052\u00a0 para agendar tu Lectura de Carta Astral con los siguientes datos: Fecha Completa de Nacimiento tuya o de la persona por la que quieres preguntar, el Pa\u00eds y ciudad de nacimiento. Hora de nacimiento (Si la sabes, si no no pasa nada). Con esta Informaci\u00f3n realizare el Estudio de la Carta Astral y resolver\u00e9 todas tus dudas. Te espero en esta m\u00e1gica Lectura donde encontrar\u00e1s mucha claridad.<\/p>\n","protected":false},"featured_media":1350,"comment_status":"open","ping_status":"closed","template":"","meta":[],"product_cat":[18],"product_tag":[],"jetpack_sharing_enabled":true,"acf":[],"_links":{"self":[{"href":"https:\/\/bellezaconalma11.com\/index.php\/wp-json\/wp\/v2\/product\/415"}],"collection":[{"href":"https:\/\/bellezaconalma11.com\/index.php\/wp-json\/wp\/v2\/product"}],"about":[{"href":"https:\/\/bellezaconalma11.com\/index.php\/wp-json\/wp\/v2\/types\/product"}],"replies":[{"embeddable":true,"href":"https:\/\/bellezaconalma11.com\/index.php\/wp-json\/wp\/v2\/comments?post=415"}],"wp:featuredmedia":[{"embeddable":true,"href":"https:\/\/bellezaconalma11.com\/index.php\/wp-json\/wp\/v2\/media\/1350"}],"wp:attachment":[{"href":"https:\/\/bellezaconalma11.com\/index.php\/wp-json\/wp\/v2\/media?parent=415"}],"wp:term":[{"taxonomy":"product_cat","embeddable":true,"href":"https:\/\/bellezaconalma11.com\/index.php\/wp-json\/wp\/v2\/product_cat?post=415"},{"taxonomy":"product_tag","embeddable":true,"href":"https:\/\/bellezaconalma11.com\/index.php\/wp-json\/wp\/v2\/product_tag?post=415"}],"curies":[{"name":"wp","href":"https:\/\/api.w.org\/{rel}","templated":true}]}}