{"id":959,"date":"2025-01-23T18:48:04","date_gmt":"2025-01-23T17:48:04","guid":{"rendered":"https:\/\/bellezaconalma11.com\/?page_id=959"},"modified":"2025-04-25T13:09:48","modified_gmt":"2025-04-25T11:09:48","slug":"musica-y-cantos-sanadores","status":"publish","type":"page","link":"https:\/\/bellezaconalma11.com\/index.php\/musica-y-cantos-sanadores\/","title":{"rendered":"M\u00daSICA Y CANTOS SANADORES"},"content":{"rendered":"\n<figure class=\"wp-block-video\"><video controls src=\"https:\/\/bellezaconalma11.com\/wp-content\/uploads\/2025\/04\/trim.66B98944-3531-4949-BDCD-F1115E258573.mov\"><\/video><\/figure>\n\n\n\n<p>MELOD\u00cdAS Y MUSICA SANADORA CON CANTOS SANADORES FORMATO MP3 DESCARGABLE<\/p>\n\n\n<div data-block-name=\"woocommerce\/handpicked-products\" data-products=\"[946,939]\" class=\"wc-block-grid wp-block-handpicked-products wc-block-handpicked-products has-3-columns has-multiple-rows\"><ul class=\"wc-block-grid__products\"><li class=\"wc-block-grid__product\">\n\t\t\t\t<a href=\"https:\/\/bellezaconalma11.com\/index.php\/producto\/melodia-piano-magico-sanador\/\" class=\"wc-block-grid__product-link\">\n\t\t\t\t\t\n\t\t\t\t\t<div class=\"wc-block-grid__product-image\"><img loading=\"lazy\" decoding=\"async\" width=\"300\" height=\"300\" src=\"https:\/\/bellezaconalma11.com\/wp-content\/uploads\/2025\/01\/706C1E5A-E4B5-44D2-86C5-E39EFF094885-e1744900665191-300x300.jpeg\" class=\"attachment-woocommerce_thumbnail size-woocommerce_thumbnail\" alt=\"Melod\u00eda Piano M\u00e1gico Sanador Mp3\" srcset=\"https:\/\/bellezaconalma11.com\/wp-content\/uploads\/2025\/01\/706C1E5A-E4B5-44D2-86C5-E39EFF094885-e1744900665191-300x300.jpeg 300w, https:\/\/bellezaconalma11.com\/wp-content\/uploads\/2025\/01\/706C1E5A-E4B5-44D2-86C5-E39EFF094885-e1744900665191-150x150.jpeg 150w, https:\/\/bellezaconalma11.com\/wp-content\/uploads\/2025\/01\/706C1E5A-E4B5-44D2-86C5-E39EFF094885-e1744900665191-75x75.jpeg 75w, https:\/\/bellezaconalma11.com\/wp-content\/uploads\/2025\/01\/706C1E5A-E4B5-44D2-86C5-E39EFF094885-e1744900665191-100x100.jpeg 100w\" sizes=\"(max-width: 300px) 100vw, 300px\" \/><\/div>\n\t\t\t\t\t<div class=\"wc-block-grid__product-title\">Melod\u00eda Piano M\u00e1gico Sanador Mp3<\/div>\n\t\t\t\t<\/a>\n\t\t\t\t<div class=\"wc-block-grid__product-price price\"><span class=\"woocommerce-Price-amount amount\">150,00&nbsp;<span class=\"woocommerce-Price-currencySymbol\">&euro;<\/span><\/span><\/div>\n\t\t\t\t\n\t\t\t\t<div class=\"wp-block-button wc-block-grid__product-add-to-cart\"><a href=\"?add-to-cart=946\" aria-label=\"A\u00f1ade &ldquo;Melod\u00eda Piano M\u00e1gico Sanador Mp3&rdquo; a tu carrito\" data-quantity=\"1\" data-product_id=\"946\" data-product_sku=\"\" data-price=\"150\" rel=\"nofollow\" class=\"wp-block-button__link  add_to_cart_button ajax_add_to_cart\">A\u00f1adir al carrito<\/a><\/div>\n\t\t\t<\/li><li class=\"wc-block-grid__product\">\n\t\t\t\t<a href=\"https:\/\/bellezaconalma11.com\/index.php\/producto\/melodia-sanadora-con-cantos-sanadores\/\" class=\"wc-block-grid__product-link\">\n\t\t\t\t\t\n\t\t\t\t\t<div class=\"wc-block-grid__product-image\"><img loading=\"lazy\" decoding=\"async\" width=\"300\" height=\"300\" src=\"https:\/\/bellezaconalma11.com\/wp-content\/uploads\/2025\/04\/2C043129-5D00-46E3-BF04-7634B1ECD89A-300x300.jpeg\" class=\"attachment-woocommerce_thumbnail size-woocommerce_thumbnail\" alt=\"Melod\u00eda Sanadora con Cantos Sanadores Mp3\" srcset=\"https:\/\/bellezaconalma11.com\/wp-content\/uploads\/2025\/04\/2C043129-5D00-46E3-BF04-7634B1ECD89A-300x300.jpeg 300w, https:\/\/bellezaconalma11.com\/wp-content\/uploads\/2025\/04\/2C043129-5D00-46E3-BF04-7634B1ECD89A-150x150.jpeg 150w, https:\/\/bellezaconalma11.com\/wp-content\/uploads\/2025\/04\/2C043129-5D00-46E3-BF04-7634B1ECD89A-75x75.jpeg 75w, https:\/\/bellezaconalma11.com\/wp-content\/uploads\/2025\/04\/2C043129-5D00-46E3-BF04-7634B1ECD89A-100x100.jpeg 100w\" sizes=\"(max-width: 300px) 100vw, 300px\" \/><\/div>\n\t\t\t\t\t<div class=\"wc-block-grid__product-title\">Melod\u00eda Sanadora con Cantos Sanadores Mp3<\/div>\n\t\t\t\t<\/a>\n\t\t\t\t<div class=\"wc-block-grid__product-price price\"><span class=\"woocommerce-Price-amount amount\">150,00&nbsp;<span class=\"woocommerce-Price-currencySymbol\">&euro;<\/span><\/span><\/div>\n\t\t\t\t\n\t\t\t\t<div class=\"wp-block-button wc-block-grid__product-add-to-cart\"><a href=\"?add-to-cart=939\" aria-label=\"A\u00f1ade &ldquo;Melod\u00eda Sanadora con Cantos Sanadores Mp3&rdquo; a tu carrito\" data-quantity=\"1\" data-product_id=\"939\" data-product_sku=\"\" data-price=\"150\" rel=\"nofollow\" class=\"wp-block-button__link  add_to_cart_button ajax_add_to_cart\">A\u00f1adir al carrito<\/a><\/div>\n\t\t\t<\/li><\/ul><\/div>\n\n\n<figure class=\"wp-block-video\"><video controls src=\"https:\/\/bellezaconalma11.com\/wp-content\/uploads\/2025\/04\/trim.92204693-4050-4450-851B-A3D626CCD7C7.mov\"><\/video><\/figure>\n","protected":false},"excerpt":{"rendered":"<p>MELOD\u00cdAS Y MUSICA SANADORA CON CANTOS SANADORES FORMATO MP3 DESCARGABLE<\/p>\n","protected":false},"author":1,"featured_media":0,"parent":0,"menu_order":0,"comment_status":"closed","ping_status":"closed","template":"","meta":{"footnotes":""},"jetpack_sharing_enabled":true,"acf":[],"_links":{"self":[{"href":"https:\/\/bellezaconalma11.com\/index.php\/wp-json\/wp\/v2\/pages\/959"}],"collection":[{"href":"https:\/\/bellezaconalma11.com\/index.php\/wp-json\/wp\/v2\/pages"}],"about":[{"href":"https:\/\/bellezaconalma11.com\/index.php\/wp-json\/wp\/v2\/types\/page"}],"author":[{"embeddable":true,"href":"https:\/\/bellezaconalma11.com\/index.php\/wp-json\/wp\/v2\/users\/1"}],"replies":[{"embeddable":true,"href":"https:\/\/bellezaconalma11.com\/index.php\/wp-json\/wp\/v2\/comments?post=959"}],"version-history":[{"count":13,"href":"https:\/\/bellezaconalma11.com\/index.php\/wp-json\/wp\/v2\/pages\/959\/revisions"}],"predecessor-version":[{"id":1177,"href":"https:\/\/bellezaconalma11.com\/index.php\/wp-json\/wp\/v2\/pages\/959\/revisions\/1177"}],"wp:attachment":[{"href":"https:\/\/bellezaconalma11.com\/index.php\/wp-json\/wp\/v2\/media?parent=959"}],"curies":[{"name":"wp","href":"https:\/\/api.w.org\/{rel}","templated":true}]}}